b - m - 630. Is b a composite number?
False
Let x(v) = -127*v**3 + v**2 - 1. Is x(-1) a prime number?
True
Let u(w) = 117*w**2 + w. Let i be u(-1). Suppose g - 5 = i. Is g a composite number?
True
Suppose 4482 + 852 = 6*o. Is o a prime number?
False
Let f = 30 + -95. Let z = -238 - -338. Let s = z + f. Is s prime?
False
Let b = 90 - -92. Suppose 3*t - b = -d - d, -d + 105 = 5*t. Is d a composite number?
True
Let q(p) = 7*p. Let u be (2/6)/(2/(-6)). Let i be q(u). Is (-264)/i - (-4)/14 a prime number?
False
Let t(f) = -3 - 3*f + 0*f - 5*f. Is t(-7) composite?
False
Let v = 5 - 1. Is 2/8 + 331/v prime?
True
Let n = -34 + 60. Let o = -19 - -20. Let f = n - o. Is f composite?
True
Let s = 6 + -4. Suppose s*y - 4 = 16. Is y prime?
False
Suppose -2*l - 35 = 105. Let n = l - -105. Is n prime?
False
Suppose -2*t + 11 = -5*y, -3*t + y = -t - 7. Suppose 3*w - 5*d + 2*d - 2127 = 0, 2*w - 1398 = -t*d. Suppose -4*x + w = -139. Is x a composite number?
False
Let o be -347 - (3 - 3) - 0. Let b = -146 - o. Is b a composite number?
True
Suppose 0 = -d - 0*d + 31. Let r = 62 - d. Is r a composite number?
False
Let s = -6 - -8. Suppose k + 2*g + 3 + s = 0, -2*g - 8 = 4*k. Is (k/3)/((-3)/693) a composite number?
True
Let x = 8 - 5. Suppose -b = -5*u - 44, x*b - 2*u - 197 = -2*b. Is b composite?
True
Is (1/2)/((-3)/(-1422)) a composite number?
True
Let i be ((-64)/24)/((-2)/(-6)). Let q(c) be the third derivative of -c**4/24 + c**3/3 + c**2. Is q(i) prime?
False
Suppose 3*k = -5*t + 87, -t - 2*t = k - 53. Let c = t + 19. Is c a composite number?
False
Let s be (-3 - 1)/((-2)/(-1)). Let w = 147 - s. Is w a composite number?
False
Let w be (3 - 0 - 2) + 3. Let t(g) = g**2 - 6*g + 5. Let k be t(6). Suppose -8*s + 4*s = -w, -k*a + s = -234. Is a prime?
True
Let y = -357 + 680. Suppose -44 = -q + 3*p, 5*q - y = 5*p - 73. Is q composite?
False
Suppose s + 47 = 5*h - 2*h, 3*h + 2*s - 41 = 0. Let y = -3 + 3. Suppose z - h - 38 = y. Is z prime?
True
Suppose 2*l - 689 = 313. Is l a composite number?
True
Let s be -14*1/((-6)/57). Suppose 0 = d + 3*a - s, -8*a + 3*a = -10. Is d prime?
True
Suppose -p = -653 - 236. Is p prime?
False
Is -4 - -2 - -264 - (-3 + 0) prime?
False
Let l = 18 - 11. Suppose -3*k + 4*h = -57, -12 = -k - 4*h + l. Is k a prime number?
True
Let l be (3/9)/((-2)/(-18)). Suppose 3*d - 5*w + l = 2, 5*w = -2*d + 16. Let u(o) = 14*o + 1. Is u(d) a prime number?
True
Let s(d) = 30*d**2 + 4*d + 15. Is s(5) composite?
True
Let p(h) = h**2 + 3*h + 641. Is p(0) a prime number?
True
Let t(w) = -w**2 - w + 93. Is t(0) prime?
False
Is ((-34)/17)/((-4)/(-217))*-2 a composite number?
True
Let s = -5 + 3. Let d be ((-47)/s)/((-2)/(-12)). Suppose 3*c - d = -0*c. Is c prime?
True
Let g(t) = 2*t - 1. Let f be g(-2). Let w = 12 + f. Is 6/4*42/w composite?
True
Let v(m) = 137*m**2 + 2*m + 5. Let j be v(-4). Let z = j + -1254. Is 4/18 + z/45 prime?
False
Let x(a) = 2*a**2 - a + 11. Let z be x(-12). Let m = -169 + z. Is m prime?
False
Let j = 37 - 16. Is j prime?
False
Let s be 2/(6/((-3)/(-1))). Let a be s/(-1 + 198/196). Suppose y = -y + a. Is y a prime number?
False
Let z be 6/2 + (-3)/1. Suppose 795 = 3*u - z*u. Is u a composite number?
True
Let h = -26 - -100. Is h a prime number?
False
Suppose 41 = -f + 105. Let m = f - 39. Suppose -2*i = 5 - m. Is i a composite number?
True
Suppose 0 = 2*y - 19 + 1. Suppose -y = 2*k - 37. Let c = 39 - k. Is c composite?
True
Let s be (3/4)/((-3)/(-12)). Suppose -s*g = 3*r - 6*g - 570, -3*r = 2*g - 575. Is r a composite number?
False
Suppose 7*c + 435 = 12*c. Is c composite?
True
Let t = 12 + -20. Is (2/3)/(t/(-1092)) a composite number?
True
Suppose 0 = 4*s - 4*x - 0*x - 504, -2*s - 3*x = -257. Is s a composite number?
False
Is (-552)/(-10) - 1/5 a prime number?
False
Suppose -z + 151 = 2*b, 71 + 9 = b - 4*z. Let h = 261 - b. Is h prime?
False
Let p(t) = -8*t**2 + 2*t - 1. Let j be p(1). Let k(x) be the second derivative of -11*x**3/6 + x. Is k(j) a prime number?
False
Is (-1 + 3 - 1461)*(-4 + 3) a composite number?
False
Let i = 25 + -2. Suppose 4 = 2*q - 4. Let t = i - q. Is t a composite number?
False
Let g be 3/4 - (-17)/4. Suppose -g*n = -1319 - 296. Is n prime?
False
Let x be 1/4 - (-41)/(-4). Is 4/x - (-668)/20 a composite number?
True
Let i be (2 - (-15)/(-5))*-4. Let z be 24/10 - 4/10. Suppose 4*a = z*a - 4*g + 334, -5*a - i*g = -823. Is a a prime number?
True
Let x(o) = 9*o**2 + 2*o - 1. Suppose r + u + 3 = 0, 4*u + u = r - 3. Is x(r) composite?
False
Suppose 0 = 4*a - 2643 + 1119. Is a a composite number?
True
Let m(n) be the first derivative of n**2/2 - n + 1. Let t be m(5). Suppose -4*p + 232 = 2*f, -f + 2 = t. Is p a prime number?
True
Let m = 2 - 0. Suppose 0 + m = -n. Let j(i) = -6*i + 1. Is j(n) a composite number?
False
Suppose -2*q = -3*k + q + 1182, 4*q - 1979 = -5*k. Is k composite?
True
Suppose -2*c + 14 + 1 = -5*j, 2*j = 5*c - 27. Suppose -2 = -c*q - 2*n, -2*q - 2 - 6 = 3*n. Suppose -q*a = -d - 0*a + 4, -3*d + 3*a = -15. Is d prime?
False
Is 129*((-1)/9)/(5/(-30)) prime?
False
Suppose -4*o - 1781 = 795. Is ((-1)/(-2))/((-2)/o) composite?
True
Let s(z) = z + 11. Let m be s(-9). Suppose 4*q + 8 = -m*i - 0*q, 5*i - 4*q = 22. Let o = i + 17. Is o a composite number?
False
Suppose 4*j - 70 = 206. Is j a prime number?
False
Suppose 0 = -2*h - 6 - 40. Let l = -16 - h. Is l a prime number?
True
Let c be 44/(-12) - 2/6. Let m be (-639)/6*c/6. Suppose 3*f = -4*z + m, -f = 2*z - 2*f - 23. Is z composite?
True
Suppose -25 = -a - 4. Let w = 52 - a. Is w prime?
True
Let y(v) = -v**3 + 10*v**2 + 7*v + 3. Let w be y(10). Let l = -20 + w. Is l prime?
True
Is 6/27 + (-8034)/(-54) a composite number?
False
Let j be -2 + 2 - (-753)/3. Suppose 719 = -5*t - j. Is t/(-18) - 6/(-27) a composite number?
False
Suppose 0*v = 4*v - 16. Suppose v = 2*k, 3*k + 6 = 2*h - 0*k. Let a(q) = 20*q - 1. Is a(h) a prime number?
False
Let j = 350 - 114. Let u = j - 141. Is u a composite number?
True
Suppose 5*l = -293 - 427. Let m = -85 - l. Is m a composite number?
False
Let w(y) = 3*y**2 - y. Let p be w(4). Let l = 51 + -76. Let g = l + p. Is g a prime number?
True
Let p(y) = -y - 1. Let w(u) = -2*u**2 - 10*u. Let f(o) = 2*p(o) - w(o). Let m be (2/(-5))/((-6)/(-90)). Is f(m) prime?
False
Suppose -3*k + 6*k + 39 = 0. Let p = -19 - k. Let o(x) = -x + 5. Is o(p) prime?
True
Let s(u) = -u**3 + 7*u**2 - 2*u + 2. Let n be s(4). Let k = 17 - n. Let t = -15 - k. Is t prime?
False
Let o(k) = -k + 6. Suppose -v = 5*u + 22, -4*v = -u - v + 2. Let z = 0 - u. Is o(z) a prime number?
True
Let l(t) = -22*t - 13. Is l(-9) prime?
False
Let y(q) = -9 + 2 - 3*q - 8. Let k(c) = -c - 5. Let n(p) = 7*k(p) - 2*y(p). Is n(-7) composite?
False
Let n(q) = -q - 6. Let a be n(-9). Suppose 8*i + 4*x = a*i, 0 = 3*i - 5*x. Suppose 447 = -i*d + 3*d. Is d a composite number?
False
Suppose 0*o + 296 = 4*o. Is o composite?
True
Suppose 2*k + 2*k - 5*w + 13 = 0, 0 = 3*k + 3*w - 24. Suppose 2*r + 0*p = 4*p + 250, -5*p = k*r - 353. Is r a composite number?
True
Let u(c) = 2*c**3 - 4*c**2 - 2*c + 1. Suppose -4*h + 2*t = 56, -4*h + 0*h - 3*t - 36 = 0. Let o = -7 - h. Is u(o) composite?
True
Let i = 8 + -3. Suppose -s - i = -172. Is s composite?
False
Let r(g) = 2*g - 12. Let w be r(8). Let s = 0 + w. Suppose -j = s*j - 50. Is j a prime number?
False
Is -4*(3 + 33/(-6)) a prime number?
False
Let p(m) = 43*m**3 + m**2 - 2. Let j be p(2). Let h = j - 183. Is h composite?
False
Is 1/((-70)/(-65) - 1) prime?
True
Suppose 9 = q + 1. Let y be 3/(-6) - 14/4. Let a = q + y. Is a a composite number?
True
Is 1/3 - (-3 - (-1068)/(-9)) a composite number?
True
Let j(g) be the first derivative of -g**2/2 + 9*g - 1. Let u be j(7). Suppose 0 = u*z + 2*z - 28. Is z prime?
True
Let j be (-693)/(-143) - (-4)/26. Let x(z) = z**2 - 3*z - 8. Let q(u) = 2*u**2 - 7*u - 17. Let c(d) = -2*q(d) + 5*x(d). Is c(j) a composite number?
True
Let x be 2/(-5) + (-17)/(-5). Suppose -3*i - 77 = -2*u, -2*u - 3*i - 46 = -x*u. Is u a prime number?
True
Suppose -658 = -2*p - t, -4*p + 3*p + 324 = -2*t. Suppose 5*o = 17 + p. Is o composite?
True
Suppose 15 = -4*v + v, 2118 = 2*r + 4*v. Is r prime?
True
Suppose -2*b + 814 + 106 = 0. Is b/6 - (-2)/6 composite?
True
Is (-4)/12 + (-268)/(-3) composite?
False
Let r(u) = -13*u**3 - 